{"id":2927,"date":"2024-03-22T18:40:36","date_gmt":"2024-03-22T18:40:36","guid":{"rendered":"https:\/\/oriolalbaiges.com\/?page_id=2927"},"modified":"2024-03-27T13:54:46","modified_gmt":"2024-03-27T13:54:46","slug":"des-del-balco-de-la-memoria","status":"publish","type":"page","link":"https:\/\/oriolalbaiges.com\/index.php\/des-del-balco-de-la-memoria\/","title":{"rendered":"DES DEL BALC\u00d3 DE LA MEM\u00d2RIA"},"content":{"rendered":"\t\t<div data-elementor-type=\"wp-page\" data-elementor-id=\"2927\" class=\"elementor elementor-2927\">\n\t\t\t\t\t\t\t\t\t<section class=\"elementor-section elementor-top-section elementor-element elementor-element-70ac3c90 elementor-section-boxed elementor-section-height-default elementor-section-height-default\" data-id=\"70ac3c90\" data-element_type=\"section\">\n\t\t\t\t\t\t<div class=\"elementor-container elementor-column-gap-default\">\n\t\t\t\t\t<div class=\"elementor-column elementor-col-100 elementor-top-column elementor-element elementor-element-4f1a95e2\" data-id=\"4f1a95e2\" data-element_type=\"column\">\n\t\t\t<div class=\"elementor-widget-wrap elementor-element-populated\">\n\t\t\t\t\t\t\t\t<div class=\"elementor-element elementor-element-6ae67b7e elementor-widget elementor-widget-text-editor\" data-id=\"6ae67b7e\" data-element_type=\"widget\" data-widget_type=\"text-editor.default\">\n\t\t\t\t<div class=\"elementor-widget-container\">\n\t\t\t<style>\/*! elementor - v3.11.5 - 14-03-2023 *\/\n.elementor-widget-text-editor.elementor-drop-cap-view-stacked .elementor-drop-cap{background-color:#818a91;color:#fff}.elementor-widget-text-editor.elementor-drop-cap-view-framed .elementor-drop-cap{color:#818a91;border:3px solid;background-color:transparent}.elementor-widget-text-editor:not(.elementor-drop-cap-view-default) .elementor-drop-cap{margin-top:8px}.elementor-widget-text-editor:not(.elementor-drop-cap-view-default) .elementor-drop-cap-letter{width:1em;height:1em}.elementor-widget-text-editor .elementor-drop-cap{float:left;text-align:center;line-height:1;font-size:50px}.elementor-widget-text-editor .elementor-drop-cap-letter{display:inline-block}<\/style>\t\t\t\t<p><b>DES DEL BALC\u00d3 DE LA MEM\u00d2RIA<\/b><\/p>\t\t\t\t\t\t<\/div>\n\t\t\t\t<\/div>\n\t\t\t\t\t<\/div>\n\t\t<\/div>\n\t\t\t\t\t\t\t<\/div>\n\t\t<\/section>\n\t\t\t\t<section class=\"elementor-section elementor-top-section elementor-element elementor-element-1d33c70e elementor-section-boxed elementor-section-height-default elementor-section-height-default\" data-id=\"1d33c70e\" data-element_type=\"section\">\n\t\t\t\t\t\t<div class=\"elementor-container elementor-column-gap-default\">\n\t\t\t\t\t<div class=\"elementor-column elementor-col-50 elementor-top-column elementor-element elementor-element-9a82bff\" data-id=\"9a82bff\" data-element_type=\"column\">\n\t\t\t<div class=\"elementor-widget-wrap elementor-element-populated\">\n\t\t\t\t\t\t\t\t<div class=\"elementor-element elementor-element-787b09a9 elementor-widget elementor-widget-text-editor\" data-id=\"787b09a9\" data-element_type=\"widget\" data-widget_type=\"text-editor.default\">\n\t\t\t\t<div class=\"elementor-widget-container\">\n\t\t\t\t\t\t\t<p>Publicaci\u00f3 del llibre\u00a0<i>Des del balc\u00f3 de la mem\u00f2ria<\/i>, un recull d\u2019imatges i textos inspirats en la gent que un viatger qualsevol coneix viatjant, en paisatges que el colpeixen o en moments singulars que t\u00e9 l\u2019ocasi\u00f3 de viure, i que s\u2019entreteixeixen al voltant de les tres dimensions que configuren el seu espai de relaci\u00f3: amb ell mateix, amb els altres i amb all\u00f2 que hi ha m\u00e9s enll\u00e0 del m\u00f3n comprensible (Editorial Claret).<\/p><p>\u00a0<\/p><p><strong><a href=\"https:\/\/www.claret.cat\/llibre\/des-del-balco-de-la-memoria-9788491364887\/\" target=\"_blank\" rel=\"noopener\">compra el llibre &gt;<\/a><\/strong><\/p>\t\t\t\t\t\t<\/div>\n\t\t\t\t<\/div>\n\t\t\t\t\t<\/div>\n\t\t<\/div>\n\t\t\t\t<div class=\"elementor-column elementor-col-50 elementor-top-column elementor-element elementor-element-6cbf3b71\" data-id=\"6cbf3b71\" data-element_type=\"column\">\n\t\t\t<div class=\"elementor-widget-wrap elementor-element-populated\">\n\t\t\t\t\t\t\t\t<div class=\"elementor-element elementor-element-707abea7 elementor-widget elementor-widget-text-editor\" data-id=\"707abea7\" data-element_type=\"widget\" data-widget_type=\"text-editor.default\">\n\t\t\t\t<div class=\"elementor-widget-container\">\n\t\t\t\t\t\t\t<p><em>Publication of the book &#8220;Des del balc\u00f3 de la mem\u00f2ria\u201d, a collection of images and texts inspired by the people a traveler meets while traveling, the landscapes that strike him, or the singular moments he has the opportunity to experience, all interwoven around the three dimensions that shape his space of relationship: with himselve, with others, and with what lies beyond the understandable world (Editorial Claret).<\/em><\/p>\t\t\t\t\t\t<\/div>\n\t\t\t\t<\/div>\n\t\t\t\t\t<\/div>\n\t\t<\/div>\n\t\t\t\t\t\t\t<\/div>\n\t\t<\/section>\n\t\t\t\t<section class=\"elementor-section elementor-top-section elementor-element elementor-element-33c849c3 elementor-section-boxed elementor-section-height-default elementor-section-height-default\" data-id=\"33c849c3\" data-element_type=\"section\">\n\t\t\t\t\t\t<div class=\"elementor-container elementor-column-gap-default\">\n\t\t\t\t\t<div class=\"elementor-column elementor-col-100 elementor-top-column elementor-element elementor-element-36d0cb07\" data-id=\"36d0cb07\" data-element_type=\"column\">\n\t\t\t<div class=\"elementor-widget-wrap elementor-element-populated\">\n\t\t\t\t\t\t\t\t<div class=\"elementor-element elementor-element-e95ee9d gallery-spacing-custom elementor-widget elementor-widget-image-gallery\" data-id=\"e95ee9d\" data-element_type=\"widget\" data-widget_type=\"image-gallery.default\">\n\t\t\t\t<div class=\"elementor-widget-container\">\n\t\t\t<style>\/*! elementor - v3.11.5 - 14-03-2023 *\/\n.elementor-image-gallery .gallery-item{display:inline-block;text-align:center;vertical-align:top;width:100%;max-width:100%;margin:0 auto}.elementor-image-gallery .gallery-item img{margin:0 auto}.elementor-image-gallery .gallery-item .gallery-caption{margin:0}.elementor-image-gallery figure img{display:block}.elementor-image-gallery figure figcaption{width:100%}.gallery-spacing-custom .elementor-image-gallery .gallery-icon{padding:0}@media (min-width:768px){.elementor-image-gallery .gallery-columns-2 .gallery-item{max-width:50%}.elementor-image-gallery .gallery-columns-3 .gallery-item{max-width:33.33%}.elementor-image-gallery .gallery-columns-4 .gallery-item{max-width:25%}.elementor-image-gallery .gallery-columns-5 .gallery-item{max-width:20%}.elementor-image-gallery .gallery-columns-6 .gallery-item{max-width:16.666%}.elementor-image-gallery .gallery-columns-7 .gallery-item{max-width:14.28%}.elementor-image-gallery .gallery-columns-8 .gallery-item{max-width:12.5%}.elementor-image-gallery .gallery-columns-9 .gallery-item{max-width:11.11%}.elementor-image-gallery .gallery-columns-10 .gallery-item{max-width:10%}}@media (min-width:480px) and (max-width:767px){.elementor-image-gallery .gallery.gallery-columns-2 .gallery-item,.elementor-image-gallery .gallery.gallery-columns-3 .gallery-item,.elementor-image-gallery .gallery.gallery-columns-4 .gallery-item,.elementor-image-gallery .gallery.gallery-columns-5 .gallery-item,.elementor-image-gallery .gallery.gallery-columns-6 .gallery-item,.elementor-image-gallery .gallery.gallery-columns-7 .gallery-item,.elementor-image-gallery .gallery.gallery-columns-8 .gallery-item,.elementor-image-gallery .gallery.gallery-columns-9 .gallery-item,.elementor-image-gallery .gallery.gallery-columns-10 .gallery-item{max-width:50%}}@media (max-width:479px){.elementor-image-gallery .gallery.gallery-columns-2 .gallery-item,.elementor-image-gallery .gallery.gallery-columns-3 .gallery-item,.elementor-image-gallery .gallery.gallery-columns-4 .gallery-item,.elementor-image-gallery .gallery.gallery-columns-5 .gallery-item,.elementor-image-gallery .gallery.gallery-columns-6 .gallery-item,.elementor-image-gallery .gallery.gallery-columns-7 .gallery-item,.elementor-image-gallery .gallery.gallery-columns-8 .gallery-item,.elementor-image-gallery .gallery.gallery-columns-9 .gallery-item,.elementor-image-gallery .gallery.gallery-columns-10 .gallery-item{max-width:100%}}<\/style>\t\t<div class=\"elementor-image-gallery\">\n\t\t\t<div id='gallery-1' class='gallery galleryid-2927 gallery-columns-1 gallery-size-full'><figure class='gallery-item'>\n\t\t\t<div class='gallery-icon landscape'>\n\t\t\t\t<a data-elementor-open-lightbox=\"yes\" data-elementor-lightbox-slideshow=\"e95ee9d\" data-elementor-lightbox-title=\"DBM\" data-e-action-hash=\"#elementor-action%3Aaction%3Dlightbox%26settings%3DeyJpZCI6Mjg3NiwidXJsIjoiaHR0cHM6XC9cL29yaW9sYWxiYWlnZXMuY29tXC93cC1jb250ZW50XC91cGxvYWRzXC8yMDI0XC8wM1wvREJNLnBuZyIsInNsaWRlc2hvdyI6ImU5NWVlOWQifQ%3D%3D\" href='https:\/\/oriolalbaiges.com\/wp-content\/uploads\/2024\/03\/DBM.png'><img loading=\"lazy\" decoding=\"async\" width=\"1500\" height=\"1359\" src=\"https:\/\/oriolalbaiges.com\/wp-content\/uploads\/2024\/03\/DBM.png\" class=\"attachment-full size-full\" alt=\"\" srcset=\"https:\/\/oriolalbaiges.com\/wp-content\/uploads\/2024\/03\/DBM.png 1500w, https:\/\/oriolalbaiges.com\/wp-content\/uploads\/2024\/03\/DBM-300x272.png 300w, https:\/\/oriolalbaiges.com\/wp-content\/uploads\/2024\/03\/DBM-1024x928.png 1024w, https:\/\/oriolalbaiges.com\/wp-content\/uploads\/2024\/03\/DBM-768x696.png 768w\" sizes=\"auto, (max-width: 1500px) 100vw, 1500px\" \/><\/a>\n\t\t\t<\/div><\/figure>\n\t\t<\/div>\n\t\t<\/div>\n\t\t\t\t<\/div>\n\t\t\t\t<\/div>\n\t\t\t\t\t<\/div>\n\t\t<\/div>\n\t\t\t\t\t\t\t<\/div>\n\t\t<\/section>\n\t\t\t\t<section class=\"elementor-section elementor-top-section elementor-element elementor-element-e760d39 elementor-section-boxed elementor-section-height-default elementor-section-height-default\" data-id=\"e760d39\" data-element_type=\"section\">\n\t\t\t\t\t\t<div class=\"elementor-container elementor-column-gap-default\">\n\t\t\t\t\t<div class=\"elementor-column elementor-col-33 elementor-top-column elementor-element elementor-element-a9fd6b5\" data-id=\"a9fd6b5\" data-element_type=\"column\">\n\t\t\t<div class=\"elementor-widget-wrap elementor-element-populated\">\n\t\t\t\t\t\t\t\t<div class=\"elementor-element elementor-element-2f62733 elementor-widget elementor-widget-image\" data-id=\"2f62733\" data-element_type=\"widget\" data-widget_type=\"image.default\">\n\t\t\t\t<div class=\"elementor-widget-container\">\n\t\t\t<style>\/*! elementor - v3.11.5 - 14-03-2023 *\/\n.elementor-widget-image{text-align:center}.elementor-widget-image a{display:inline-block}.elementor-widget-image a img[src$=\".svg\"]{width:48px}.elementor-widget-image img{vertical-align:middle;display:inline-block}<\/style>\t\t\t\t\t\t\t\t\t\t\t\t<img loading=\"lazy\" decoding=\"async\" width=\"1024\" height=\"925\" src=\"https:\/\/oriolalbaiges.com\/wp-content\/uploads\/2024\/03\/Captura-de-Pantalla-2024-03-21-a-las-8.58.40-1024x925.png\" class=\"attachment-large size-large wp-image-3205\" alt=\"\" srcset=\"https:\/\/oriolalbaiges.com\/wp-content\/uploads\/2024\/03\/Captura-de-Pantalla-2024-03-21-a-las-8.58.40-1024x925.png 1024w, https:\/\/oriolalbaiges.com\/wp-content\/uploads\/2024\/03\/Captura-de-Pantalla-2024-03-21-a-las-8.58.40-300x271.png 300w, https:\/\/oriolalbaiges.com\/wp-content\/uploads\/2024\/03\/Captura-de-Pantalla-2024-03-21-a-las-8.58.40-768x694.png 768w, https:\/\/oriolalbaiges.com\/wp-content\/uploads\/2024\/03\/Captura-de-Pantalla-2024-03-21-a-las-8.58.40.png 1200w\" sizes=\"auto, (max-width: 1024px) 100vw, 1024px\" \/>\t\t\t\t\t\t\t\t\t\t\t\t\t\t\t<\/div>\n\t\t\t\t<\/div>\n\t\t\t\t\t<\/div>\n\t\t<\/div>\n\t\t\t\t<div class=\"elementor-column elementor-col-33 elementor-top-column elementor-element elementor-element-ee6fd68\" data-id=\"ee6fd68\" data-element_type=\"column\">\n\t\t\t<div class=\"elementor-widget-wrap elementor-element-populated\">\n\t\t\t\t\t\t\t\t<div class=\"elementor-element elementor-element-733cc1a elementor-widget elementor-widget-image\" data-id=\"733cc1a\" data-element_type=\"widget\" data-widget_type=\"image.default\">\n\t\t\t\t<div class=\"elementor-widget-container\">\n\t\t\t\t\t\t\t\t\t\t\t\t\t\t\t<img loading=\"lazy\" decoding=\"async\" width=\"1024\" height=\"925\" src=\"https:\/\/oriolalbaiges.com\/wp-content\/uploads\/2024\/03\/Captura-de-Pantalla-2024-03-21-a-las-8.59.04-1024x925.png\" class=\"attachment-large size-large wp-image-3206\" alt=\"\" srcset=\"https:\/\/oriolalbaiges.com\/wp-content\/uploads\/2024\/03\/Captura-de-Pantalla-2024-03-21-a-las-8.59.04-1024x925.png 1024w, https:\/\/oriolalbaiges.com\/wp-content\/uploads\/2024\/03\/Captura-de-Pantalla-2024-03-21-a-las-8.59.04-300x271.png 300w, https:\/\/oriolalbaiges.com\/wp-content\/uploads\/2024\/03\/Captura-de-Pantalla-2024-03-21-a-las-8.59.04-768x694.png 768w, https:\/\/oriolalbaiges.com\/wp-content\/uploads\/2024\/03\/Captura-de-Pantalla-2024-03-21-a-las-8.59.04.png 1200w\" sizes=\"auto, (max-width: 1024px) 100vw, 1024px\" \/>\t\t\t\t\t\t\t\t\t\t\t\t\t\t\t<\/div>\n\t\t\t\t<\/div>\n\t\t\t\t\t<\/div>\n\t\t<\/div>\n\t\t\t\t<div class=\"elementor-column elementor-col-33 elementor-top-column elementor-element elementor-element-2d742d5\" data-id=\"2d742d5\" data-element_type=\"column\">\n\t\t\t<div class=\"elementor-widget-wrap elementor-element-populated\">\n\t\t\t\t\t\t\t\t<div class=\"elementor-element elementor-element-b900037 elementor-widget elementor-widget-image\" data-id=\"b900037\" data-element_type=\"widget\" data-widget_type=\"image.default\">\n\t\t\t\t<div class=\"elementor-widget-container\">\n\t\t\t\t\t\t\t\t\t\t\t\t\t\t\t<img loading=\"lazy\" decoding=\"async\" width=\"1024\" height=\"925\" src=\"https:\/\/oriolalbaiges.com\/wp-content\/uploads\/2024\/03\/Captura-de-Pantalla-2024-03-21-a-las-8.59.23-1024x925.png\" class=\"attachment-large size-large wp-image-3207\" alt=\"\" srcset=\"https:\/\/oriolalbaiges.com\/wp-content\/uploads\/2024\/03\/Captura-de-Pantalla-2024-03-21-a-las-8.59.23-1024x925.png 1024w, https:\/\/oriolalbaiges.com\/wp-content\/uploads\/2024\/03\/Captura-de-Pantalla-2024-03-21-a-las-8.59.23-300x271.png 300w, https:\/\/oriolalbaiges.com\/wp-content\/uploads\/2024\/03\/Captura-de-Pantalla-2024-03-21-a-las-8.59.23-768x694.png 768w, https:\/\/oriolalbaiges.com\/wp-content\/uploads\/2024\/03\/Captura-de-Pantalla-2024-03-21-a-las-8.59.23.png 1200w\" sizes=\"auto, (max-width: 1024px) 100vw, 1024px\" \/>\t\t\t\t\t\t\t\t\t\t\t\t\t\t\t<\/div>\n\t\t\t\t<\/div>\n\t\t\t\t\t<\/div>\n\t\t<\/div>\n\t\t\t\t\t\t\t<\/div>\n\t\t<\/section>\n\t\t\t\t\t\t\t<\/div>\n\t\t","protected":false},"excerpt":{"rendered":"<p>DES DEL BALC\u00d3 DE LA MEM\u00d2RIA Publicaci\u00f3 del llibre\u00a0Des del balc\u00f3 de la mem\u00f2ria, un recull d\u2019imatges i textos inspirats en la gent que un viatger qualsevol coneix viatjant, en paisatges que el colpeixen o en moments singulars que t\u00e9 l\u2019ocasi\u00f3 de viure, i que s\u2019entreteixeixen al voltant de les tres dimensions que configuren el &hellip;<\/p>\n<p class=\"read-more\"> <a class=\"\" href=\"https:\/\/oriolalbaiges.com\/index.php\/des-del-balco-de-la-memoria\/\"> <span class=\"screen-reader-text\">DES DEL BALC\u00d3 DE LA MEM\u00d2RIA<\/span> Read More &raquo;<\/a><\/p>\n","protected":false},"author":1,"featured_media":0,"parent":0,"menu_order":0,"comment_status":"closed","ping_status":"closed","template":"elementor_theme","meta":{"_uag_custom_page_level_css":"","site-sidebar-layout":"no-sidebar","site-content-layout":"page-builder","ast-global-header-display":"","ast-main-header-display":"","ast-hfb-above-header-display":"","ast-hfb-below-header-display":"","ast-hfb-mobile-header-display":"","site-post-title":"disabled","ast-breadcrumbs-content":"","ast-featured-img":"disabled","footer-sml-layout":"","theme-transparent-header-meta":"","adv-header-id-meta":"","stick-header-meta":"","header-above-stick-meta":"","header-main-stick-meta":"","header-below-stick-meta":"","ngg_post_thumbnail":0,"footnotes":""},"class_list":["post-2927","page","type-page","status-publish","hentry"],"uagb_featured_image_src":{"full":false,"thumbnail":false,"medium":false,"medium_large":false,"large":false,"RoboGalleryMansoryImagesCenter":false,"RoboGalleryPreload":false,"1536x1536":false,"2048x2048":false},"uagb_author_info":{"display_name":"oriolalbaiges","author_link":"https:\/\/oriolalbaiges.com\/index.php\/author\/oriolalbaiges\/"},"uagb_comment_info":0,"uagb_excerpt":"DES DEL BALC\u00d3 DE LA MEM\u00d2RIA Publicaci\u00f3 del llibre\u00a0Des del balc\u00f3 de la mem\u00f2ria, un recull d\u2019imatges i textos inspirats en la gent que un viatger qualsevol coneix viatjant, en paisatges que el colpeixen o en moments singulars que t\u00e9 l\u2019ocasi\u00f3 de viure, i que s\u2019entreteixeixen al voltant de les tres dimensions que configuren el&hellip;","_links":{"self":[{"href":"https:\/\/oriolalbaiges.com\/index.php\/wp-json\/wp\/v2\/pages\/2927","targetHints":{"allow":["GET"]}}],"collection":[{"href":"https:\/\/oriolalbaiges.com\/index.php\/wp-json\/wp\/v2\/pages"}],"about":[{"href":"https:\/\/oriolalbaiges.com\/index.php\/wp-json\/wp\/v2\/types\/page"}],"author":[{"embeddable":true,"href":"https:\/\/oriolalbaiges.com\/index.php\/wp-json\/wp\/v2\/users\/1"}],"replies":[{"embeddable":true,"href":"https:\/\/oriolalbaiges.com\/index.php\/wp-json\/wp\/v2\/comments?post=2927"}],"version-history":[{"count":26,"href":"https:\/\/oriolalbaiges.com\/index.php\/wp-json\/wp\/v2\/pages\/2927\/revisions"}],"predecessor-version":[{"id":3379,"href":"https:\/\/oriolalbaiges.com\/index.php\/wp-json\/wp\/v2\/pages\/2927\/revisions\/3379"}],"wp:attachment":[{"href":"https:\/\/oriolalbaiges.com\/index.php\/wp-json\/wp\/v2\/media?parent=2927"}],"curies":[{"name":"wp","href":"https:\/\/api.w.org\/{rel}","templated":true}]}}